 + 0 + (-4 - -11) + -2.
4
What is -5 + (-3 - (-10 + 0))?
2
What is -1 - ((7 - 8) + -3)?
3
What is the value of -167 + 158 + 4 + 1?
-4
Calculate -6 - ((-3 - -4) + -5).
-2
What is the value of -2 + -4 - (-5 + 1)?
-2
What is 0 - -1 - (6 + -5 - 1)?
1
Evaluate 1 + (-1 - -4 - 11) + 2.
-5
What is 3 + -9 - 3 - (13 - 17)?
-5
What is 7 + 0 + -6 + 1?
2
Evaluate 0 + (6 - (4 - 1)).
3
Calculate (8 - 4) + (-4 - 1 - 0).
-1
Calculate -3 + 6 + -3 - (-2 + 3).
-1
Evaluate -9 - (-5 - 4 - -5).
-5
What is the value of -3 + (-9 - -6) + -6 + 6?
-6
Evaluate 1 - (-1 + 0) - 0.
2
Calculate 15 + -12 - 4 - -9.
8
-1 + (0 + -3 - 0)
-4
What is the value of -9 + 9 + 0 + 0 + 1?
1
Calculate 2 - (-2 - -6 - 2).
0
Evaluate -1 + -3 + 9 + 6 + -12.
-1
(2 + 2 - 5) + (-4 - 0)
-5
What is the value of (-5 - 1) + 11 + -5?
0
Evaluate (-6 - -11 - 2) + -4.
-1
Calculate (-5 - -2 - 6) + (3 - -2).
-4
1 + (2 - 1) - (16 - 9)
-5
-6 - (-1 - (-3 - (-3 - -2)))
-7
Evaluate (-7 - 8) + 8 - -9.
2
3 - (-3 - (-7 + 7 + -3))
3
Calculate -4 + 8 - (-2 - -2).
4
What is -6 + 2 + (1 - (-1 + 0))?
-2
What is the value of (13 - -1) + -7 + (0 - 2)?
5
4 - (4 + (2 - -2) + -2)
-2
What is (-10 - -5 - -3) + -1 + 8?
5
What is the value of -7 + 1 - -6 - (0 + -1)?
1
Evaluate -5 + 6 + 3 + 0 + 0.
4
Calculate -4 + 8 + 1 + (-7 - 0).
-2
Calculate -8 - -9 - -6 - 5.
2
What is the value of 5 - ((5 - -7) + -5)?
-2
What is 5 - (-11 - -6) - 7?
3
Evaluate (16 - (0 - -8)) + -8.
0
Evaluate -3 - (5 - (4 - -9)).
5
What is the value of 1 - (7 - (8 - (1 + 2)))?
-1
Evaluate 5 + -10 + (6 - 3).
-2
Evaluate 3 + -7 + 8 + 0.
4
What is 86 + -83 + (2 - (2 - 2))?
5
Calculate 2 - -6 - 10 - 0.
-2
Calculate -4 + (4 - (4 + -6)) - -3.
5
(9 - 3) + -24 + 12 + 2
-4
What is the value of -4 + 2 - 1 - -6?
3
Evaluate -1 - (6 - 8) - 2.
-1
Evaluate -27 - -18 - (1 + -3).
-7
Calculate 5 + -3 - (-18 + 22).
-2
(3 - 0) + 7 + -5
5
Calculate 1 - ((-10 - -6) + 1).
4
What is 0 - 0 - (-50 - -50)?
0
(0 - -4) + (-14 - -6)
-4
What is (-35 - -21 - -13) + (1 - 4)?
-4
What is the value of (0 - (-4 + 7 + -2)) + 4?
3
(0 - -6) + 2 + (-19 - -15)
4
What is (9 - 6) + -14 + 2 + 4?
-5
(-1 - (8 - 3)) + 2 - -6
2
What is (-5 - -6) + -1 + 0?
0
3 - (-6 + (-4 - (1 + -7)))
7
Evaluate -1 - (6 + 1 + -3 + 0).
-5
Evaluate (-39 - -32) + -3 + 0.
-10
What is 12 - ((11 - 5) + 7)?
-1
What is the value of -4 + (-1 - -5 - (-5 + 7))?
-2
Calculate 2 - (1 - (-3 + 0)) - 0.
-2
Calculate (1 - 0) + 0 + (49 - 53).
-3
Calculate -14 + -1 - (65 + -72).
-8
What is the value of -4 + (1 - (3 + -7 + 2))?
-1
-2 + -9 + (-5 - -16)
0
What is 3 + (2 - 4) + 2 - 5?
-2
Calculate -1 + (0 - 1) + 1.
-1
-7 + 4 + 5 + 3
5
Evaluate -4 - (-3 - 3) - 2.
0
(30 - 21) + (-4 - 11)
-6
What is the value of -17 + 14 + (0 - 1) + -3?
-7
What is the value of 29 + -30 - (-1 - 0)?
0
Evaluate 2 + 0 + -2 - (-1 + -2).
3
-4 - -3 - (25 - 32)
6
Evaluate 6 + (2 - 4) - (-24 - -26).
2
What is the value of 3 + (-12 - -5) - -5?
1
Evaluate -2 - ((7 - 5) + 1).
-5
4 - (14 + -4 - 3) - -1
-2
9 + (-1 + -6 - -1)
3
What is the value of -1 + (-9 - -3) + 2?
-5
Calculate (0 + 5 - 3) + 9 - 5.
6
-1 + (-4 - -11) - 2 - 10
-6
6 - (23 - 9) - -15
7
Calculate 43 + -39 - (2 - 1 - -1).
2
What is 17 - (7 + 6 + -5)?
9
-5 + (1 - -1) - (17 - 19)
-1
Calculate 1 + 1 + 3 - (0 - -4).
1
What is 2 + 0 + 3 - 6 - -7?
6
-10 - (2 + (-2 - 6))
-4
-5 - (10 - 6 - 4)
-5
Calculate 6 + 0 + -2 - (-3 + 6).
1
Calculate 4 - ((1 - 1) + 1 - -3).
0
What is the value of 8 + -22 - (-6 + (2 - 0))?
-10
-5 - -5 - (-3 - -3)
0
What is the value of 2 - -2 - (13 + (4 - 9))?
-4
Evaluate -1 - (-3 - -1 - -2 - 2).
1
What is the value of 36 + -34 - (2 - 5)?
5
What is -4 - (0 - 8) - (-1 + 5)?
0
-1 + (8 - 5) - -4
6
Calculate (-2 - -4 - 1) + 0.
1
What is the value of (-1 - -9 - 4) + -1 - 9?
-6
What is the value of 5 + (-2 - (-8 - -14)) + 7?
4
Calculate 1 + -3 - (2 - (25 - 19)).
2
Evaluate -2 - (14 + -19 - (-3 + 2)).
2
Evaluate -5 + ((5 - 1) + 0 - 5).
-6
What is -3 - (-3 - -4) - -1?
-3
What is the value of (-3 + 0 - (3 - 13)) + -1?
6
What is 118 + -124 + (7 - 1)?
0
-6 - 6 - -7 - -8
3
What is the value of 2 - 7 - (-26 + 19)?
2
What is -3 - (0 + (-1 - 3))?
1
11 + (9 - 16) - (4 - 0)
0
What is 15 + 1 + -9 + -5?
2
-13 + 11 - (-5 - 0)
3
(-5 - -12) + -1 + -3
3
Calculate 4 - (4 - (-2 + 4)) - 4.
-2
Calculate -13 - -7 - (4 + -11).
1
What is the value of -5 + (18 - 14) + 11 + -2?
8
What is -8 - ((-1 - -10) + -11)?
-6
What is 2 + (-1 - -3 - 2 - 2)?
0
5 + -2 + -2 + 2 + -9
-6
Calculate 2 - (8 + 3 + -5).
-4
Calculate -8 + (2 - -5) + 8.
7
(13 - 1) + 5 + -5 - 6
6
3 + -9 - -3 - -5
2
Calculate -2 + (6 + -11 + -1 - -3).
-5
Evaluate -3 + -2 - 0 - (-2 - 0).
-3
What is -26 + 39 - (-2 + 13)?
2
What is the value of -12 + 7 + (3 - (-3 - -1))?
0
Calculate 8 + 2 + -5 + (-10 - -2).
-3
(-12 - -3) + 45 + -33
3
(0 - 0) + -19 + 13
-6
What is the value of 3 + (-19 + 13 - (1 + -10))?
6
-5 - (5 + -1 + -6)
-3
43 + -42 - (-1 - (1 - 0))
3
Evaluate 9 + -20 + 1 + 9.
-1
What is the value of -11 - (-11 - -2 - 10)?
8
What is the value of (10 - 1) + -3 + -4?
2
What is 5 + 6 + (-5 - -4) - 5?
5
15 + (2 - 8) - (0 - -4)
5
-3 - -2 - (-9 + 3 + 1)
4
Calculate (190 - 180) + (-1 - 1).
8
(3 + 3 - 3) + -8
-5
Calculate (-1 - 7) + -11 + 4 + 6.
-9
Evaluate (-49 - -57) + (-11 - 1).
-4
What is -2 + 0 - (-1 + 1)?
-2
Evaluate -1 + (2 + -3 + 2 - 0).
0
What is the value of (-2 + 1 - 12) + 11?
-2
Evaluate 1 - -5 - (-3 - -4).
5
Evaluate -2 + -5 - (13 + -16).
-4
Calculate -4 + (-1 - 1) - -3.
-3
(1 - 7) + 7 - -9 - 4
6
Calculate 2 - 1 - ((20 - 12) + -9).
2
Evaluate (-2 - 2) + -2 + 3 + 1.
-2
Evaluate -2 - (4 - (-2 - -6)).
-2
Evaluate -2 + 8 + -11 + 11 + -6.
0
(1 - 1) + 4 - 0
4
0 + 1 + 0 - 4
-3
(1 - -3) + (4 - 10)
-2
What is the value of 2 + 0 + -10 - (3 + -9)?
-2
Calculate -4 + 2 + 9 + -12 + 9.
4
What is -14 + (7 - 11) + 9 - -3?
-6
Evaluate (-5 + 4 - (1 + 1)) + 1.
-2
What is the value of 39 + -37 - (0 + 0 + 5)?
-3
Calculate -6 + 17 + (-2 - 9).
0
What is 11 - -1 - (26 - 20)?
6
Calculate -3 + (-1 - -2) - (-5 - -3).
0
Evaluate -7 + 7 + -8 + 0 + 5.
-3
Calculate (-4 + 6 - -1) + -3 - 0.
0
Evaluate (13 - 4 - 4) + -7.
-2
0 + -3 - (-37 + 39)
-5
What is the value of 0 + 12 - ((7 - 9) + 8)?
6
What is the value of (10 - (-4 + 8)) + 1 + -3?
4
Calculate (4 - 3) + 16 + -10.
7
What is the value of 3 - (1 + 2 + (-26 - -22))?
4
Evaluate 2 + -10 + 4 + 0 + -1.
-5
-9 + 7 + -2 + 1
-3
What is the value of 7 + -4 - 6 - (15 - 8)?
-10
(0 - (-2 - -1) - -4) + -1
4
What is the value of 1 - (-3 + 1 + 2) - 3?
-2
What is the value of 13 - (17 + (0 - 5))?
1
What is the value of 2 + (-1 - 6) + 9 - -6?
10
What is the value of -6 - (-68 + 62 + 1 + 0)?
-1
Evaluate -28 + 16 - (3 + -17).
2
2 + (-10 - (6 - 12))
-2
-11 - -21 - -7 - 12
5
What is 9 + (2 - (7 + -1))?
5
Calculate 9 + -7 - (-4 - (-4 + 6)).
8
Calculate -1 + -9 + 6 + 1.
-3
What is the value of -5 + (6 - 5) - -7?
3
What is 1 + (-2 + 7 - 3)?
3
What is the value of -5 + 3 + -1 + 2?
-1
What is (-4 - -11 - -1) + -4 - 8?
-4
Calculate 6 - (-7 + 3) - 13.
-3
What is the value of 4 + (10 - 9) - (0 - 0)?
5
What is (-4 - -1) + -9 + 12?
0
What is 9 - 4 - 6 - 0?
-1
What is 7 + (0 - 1) - 7?
-1
What is the value of (-14 - (3 - 12)) + 6?
1
Evaluate -5 + (4 - 1 - -5).
3
-11 + (17 - 8) + (2 - -1)
1
What is the value of (5 - 0) + 39 + -40?
4
Calculate -4 + -4 + 10 - 0.
2
Calculate -1 - (-4 - (5 - (8 - 4))).
4
-3 + 3 - (-1 - -2)
-1
What is -8 + (11 - (6 + 0))?
-3
What is the value of 1 - (-5 - -1 - 0)?
5
-2 - (2 + 2 + 0 + -5)
-1
What is 5 + (1 - 3) + 2?
5
Calculate -6 - 1 - (6 + (-12 - -3)).
-4
What is the value of 34 - 35 - (3 + 0)?
-4
What is -8 - -1 - (-4 + 8 + -8)?
-3
Calculate (-8 - -5) + 7 - -1.
5
Evaluate -10 + (-7 - (-20 + 0)).
3
Calculate -10 - ((7 - 1) + -10) - -6.
0
What is 0 + -1 + 0 + -2 + 0?
-3
What is the value of 5 - -1 - ((7 - 4) + -2)?
5
What is 8 - (0 + 5) - 7?
-4
What is 5 + (-3 - -4) + -11?
-5
What is the value of -8 - (-1 + 4 + -16)?
5
What is 2 + 2 + 4 + -4?
4
What is the value of 5 + -11 - (-1 + 0 + 0)?
-5
Evaluate -8 - (11 + -8 + -9).
-2
28 + -16 - (5 + 2)
5
What is (1 - 17) + 14 + 0 + 10?
8
6 - 1 - (1 - -11) - -11
4
What is the value of (116 - 109) + (4 - 2 - 8)?
1
Evaluate 3 + -3 + -3 - 0.
-3
Evaluate -8 + (-5 - -15) + (-4 - -1).
-1
What is the value of -5 - (4 + 3 - 6 - 2)?
-4
What is the value of 0 - -7 - (4 + 1)?
2
Calculate 14 - (7 - (-18 + 10)).
-1
What is the va